. What is the highest common divisor of v and 48?
16
Suppose -4*d - d + q - 3 = 0, 0 = 3*d - 3*q + 9. Suppose t - 2 - 1 = 5*i, d = 2*i. Suppose -406 = -t*g + 188. What is the greatest common divisor of g and 22?
22
Suppose -23*p = -86 - 6. Suppose 0 = 2*f + 2*l + l - 832, 5*l - 1664 = -p*f. What is the highest common factor of f and 32?
32
Suppose 261*g = 257*g + 4. Suppose 2*t - 5*h = g + 88, -4*t + 165 = 3*h. Let p be 2 + 1 + (-22)/(-2). Calculate the highest common factor of t and p.
14
Let q be (-2)/(-4)*(31 + 3). Let u be (-34)/(6 - (-384)/(-184) - 4). What is the highest common divisor of q and u?
17
Suppose 0 = 4*t + 2*u + u - 735, -2*t = -2*u - 350. Suppose -24*d + 23*d - 308 = 0. Let z = d + 328. What is the highest common factor of z and t?
20
Suppose 5*f + 2*t + 1 - 14 = 0, -16 = -4*t. Calculate the highest common divisor of f and 73.
1
Suppose 336 = -2579*f + 2593*f. Calculate the greatest common factor of f and 420.
12
Let w(a) = -a**3 + 29*a**2 - 76*a + 8. Suppose -4*b = n - 6, 4*b + 150 = 3*n + 2*n. Let p be w(n). What is the greatest common divisor of 204 and p?
12
Suppose -10 = -8*u + 3*u. Suppose 31 = u*o - 3*x, -o - 2*o - x + 19 = 0. Let s = -846 - -870. What is the greatest common factor of o and s?
8
Let l be (1 + -3)/(1/(-4)). Let y = 11 - l. Suppose -4*q - 11*n + 15*n + 52 = 0, -3*n = 3. Calculate the greatest common factor of y and q.
3
Suppose 3*s + 5*o - 25 = 0, -39*o - 24 = -2*s - 46*o. Let h be 5 + (146 - -4 - -5). Calculate the highest common divisor of s and h.
5
Let l be ((-306)/10)/((405/(-1125))/9). What is the greatest common divisor of 323 and l?
17
Let c(n) be the third derivative of -2*n**6/15 + n**5/15 - 5*n**4/24 - 19*n**3/6 - 39*n**2. Let r be c(-3). Calculate the highest common divisor of 58 and r.
58
Let x be 12410 + 4/(-18) + 176/(-99). Suppose 18*f + 2112 = x. Calculate the greatest common divisor of f and 52.
52
Let f(z) = z**3 - 12*z**2 + 2*z - 21. Suppose 0 = 2*x - 127 + 3. Suppose 5*i = -2 + x. Let o be f(i). Calculate the greatest common factor of o and 3.
3
Let j = -13 + 46. Suppose -407*a + 1102*a + 21830 - 82990 = 0. What is the greatest common divisor of a and j?
11
Let d = -21 + 21. Suppose 3*j - 4*u + 9 = d, 2*u - 7 = -5*j - 48. Let m(v) = 4*v**2 - v - 11. Let k be m(j). What is the greatest common divisor of 24 and k?
24
Let y be 3/6*298 - -4. Suppose 3*n + 4*n = 35. Suppose -n*c + 8*w - 6*w = -77, -31 = -3*c + 5*w. Calculate the greatest common divisor of y and c.
17
Let c(x) = -49*x - 7. Let g be c(-4). Let v = -4021 + 4028. Calculate the highest common factor of g and v.
7
Let m = -34143 + 39036. What is the greatest common factor of m and 63?
21
Let f(c) = -10*c + 5*c + 3*c. Let n be f(1). Let i = 28 - n. Calculate the greatest common divisor of i and 40.
10
Let r be -6*(-6)/(-12) + 45. Let l(h) = h**2 - h - 1. Let f be l(-2). Let m = 23 + f. What is the greatest common factor of m and r?
14
Suppose 4 = 3*r - 2. Suppose 5*o = 5*f - 110, 2*o + 110 = 3*f + r*f. Suppose 175 = f*l - 17*l. What is the greatest common factor of l and 14?
7
Let w(q) = -q**3 - 18*q**2 + 13*q - 55. Let s be w(-19). Suppose -672 = 56*p - s*p. Calculate the greatest common factor of 42 and p.
14
Suppose -13*n = -24*n + 275. Let r be 1/(-6 - (-155)/n). What is the greatest common factor of 55 and r?
5
Let v = 194 + 48. Suppose -o - 67 = -v. Calculate the highest common factor of o and 25.
25
Suppose 0 = l - 30*n + 26*n - 1738, 5*n - 1747 = -l. Calculate the highest common factor of l and 78.
26
Let t = 22 - -170. Suppose t*v - 190*v = 168. What is the highest common factor of 28 and v?
28
Let i(h) = -4*h**2 - 7*h + 2. Let v be ((-6)/4)/(39/208). Let z be i(v). Let m = z + 451. What is the highest common divisor of m and 23?
23
Suppose -5*h = 39 - 49. Suppose h*b = 3 - 37. Let r = b + 35. Calculate the greatest common factor of 162 and r.
18
Let m(l) = -4*l**3 + 241*l**2 - 48*l + 15. Let t be m(60). Calculate the highest common divisor of t and 15.
15
Let t = -1437 - -2779. What is the highest common divisor of 488 and t?
122
Let r(g) = -4*g**3 - 2*g**2 + 2*g + 3. Let h be r(-2). Let o be (-18 + 5 + -9)*-1. Suppose -46*y + 2760 = -o*y. What is the highest common factor of h and y?
23
Let w be 0 + (48*11)/3. Let q(c) = -2*c - 14. Suppose 9 = -2*m - u - 25, -2*m - 40 = -2*u. Let s be q(m). Calculate the highest common factor of s and w.
22
Let j be (84/(-56))/(6/4). Let f be 18/(-6) + j + 372. What is the highest common factor of f and 46?
46
Suppose 591*x - 602*x = -341. Calculate the greatest common factor of 217 and x.
31
Let o = 56 - 33. Let p be -18 + o - (-1 + 2). Suppose -52 = -4*w - p*i + 20, 2*i = -4*w + 64. What is the greatest common divisor of 2 and w?
2
Let x = 44 + -24. Let c be (-15)/(-6)*(-8)/(-10). Suppose c*d - x = -3*d. Calculate the greatest common divisor of d and 4.
4
Let u be 106/(-10) + ((-760)/(-100) - 6). Suppose -414 = -2*t + 168. Let k be 3/u - t/(-9). What is the greatest common divisor of 16 and k?
16
Let z = -13611 + 30639. Calculate the greatest common factor of 66 and z.
66
Suppose 0 = -5*n - 5*l + 60, 0 = -3*n - 4*l + 21 + 12. Suppose -15*y - 1796 = -11. Let x = 239 + y. Calculate the highest common divisor of x and n.
15
Let u(z) = -2*z**2 + 47*z - 95. Let g be u(19). What is the greatest common divisor of 494 and g?
38
Let b(k) = -k**2 + 11*k. Let l = -151 + 156. Let z be b(l). What is the highest common divisor of z and 30?
30
Let y = 611 - 834. Let q = 226 + y. Calculate the highest common divisor of 3 and q.
3
Let v(g) be the third derivative of -5*g**4/24 + 26*g**3/3 - 67*g**2. Let f be v(-16). What is the highest common divisor of f and 12?
12
Let q(x) = -x**3 + 17*x**2 - x + 24. Let i be q(17). Suppose -i = -s + 2. Calculate the highest common divisor of s and 63.
9
Let z be (-2 - 2*-1) + 3. Let s be (z + -4)/((-2)/6). Suppose 5*f = 3*j + 153, -2*j = -13*f + 16*f - 107. What is the highest common divisor of s and f?
3
Suppose -2*w = 4*z - 790, 4*z - 400 = 3*w - 1605. What is the greatest common divisor of w and 95?
19
Let u = -425 + 388. Let x be ((-10)/6 - -1)/(u/9768). What is the greatest common factor of x and 16?
16
Suppose 79103 - 213053 = -6*x. What is the highest common factor of 19 and x?
19
Suppose -294 = -10*p - 4*p. Suppose m + 5*h = 4*m - 183, 0 = -3*m - 4*h + 156. Let g = m - -70. What is the highest common divisor of g and p?
21
Suppose 0 = -2*l - 4*z + 24, 3*l = 3*z + 119 - 38. Let c(m) = 5*m + 2. Let t be c(4). What is the highest common divisor of l and t?
22
Let o = 306 - 604. Let p = o + 426. Calculate the highest common divisor of 192 and p.
64
Let w(f) = 8*f + 10. Let r be w(4). Suppose 0 = -9*h + 14*h - 50. Let j(p) = p**2 - 7*p - 2. Let o be j(h). Calculate the greatest common factor of o and r.
14
Let l(c) = -c**2 + 9*c - 10. Let u be l(4). Let n = 48 + u. Suppose -2*t + 60 = -114. What is the greatest common factor of n and t?
29
Let a(c) = -2*c - c - 50 - 7*c + 79. Let l be a(-7). Suppose 20*z - 24*z + 44 = 0. What is the greatest common divisor of z and l?
11
Suppose -250 = 45*a - 820 - 195. What is the greatest common divisor of a and 1088?
17
Suppose 233 = 5*r + 4*o, -13 = -o - 16. What is the greatest common divisor of r and 679?
7
Suppose -3*u + 1288 = -2*r, -268*u - 5*r - 2135 = -273*u. What is the greatest common factor of 1134 and u?
14
Let k be (-4)/((4/6)/(7/(-21))). Suppose -k*s = -8*s + 60. Calculate the greatest common factor of 10 and s.
10
Let p(f) = 5433*f**2 + 13*f + 19. Let q be p(-1). Calculate the greatest common divisor of 441 and q.
147
Let d be ((-32)/4 - -5) + 19. Let g(o) = 7*o - 54. Let a be g(d). What is the greatest common divisor of a and 203?
29
Let y(m) = -2*m + 140. Let f be y(43). What is the greatest common factor of 3753 and f?
27
Suppose 5*c - 20 = 5*m, -3*m + 0*c - 3*c = 36. Let s(i) = i**3 + 6*i**2 - 26*i - 32. Let p be s(m). Calculate the greatest common divisor of 216 and p.
24
Let f = 510 + -508. What is the highest common divisor of 2 and f?
2
Let g(k) = 53*k + 637. Let b be g(-12). Calculate the highest common factor of 83 and b.
1
Let k = 66 + -64. Let p(a) = a + a**2 + 2 - 3*a - a + k*a. Let f be p(7). Calculate the greatest common factor of 110 and f.
22
Let p = -6658 + 6699. What is the highest co